 base 9.
-264
72a1 (base 13) to base 11
109a8
Convert -3400 (base 7) to base 13.
-733
What is 129 (base 15) in base 13?
174
-10011220 (base 3) to base 6
-14423
-13ab (base 13) to base 7
-11203
Convert 112071 (base 9) to base 8.
203074
11524 (base 8) to base 4
1031110
What is -100101101111 (base 2) in base 9?
-3273
-3ba (base 14) to base 9
-1025
Convert -3dff (base 16) to base 4.
-3313333
What is 1343 (base 7) in base 12?
375
107b (base 13) to base 9
3134
Convert -a132 (base 13) to base 2.
-101011010100100
What is 10101001 (base 2) in base 11?
144
What is 517 (base 9) in base 16?
1a5
3299 (base 11) to base 4
1003313
50351 (base 10) to base 4
30102233
What is -3333020 (base 4) in base 11?
-112a4
a46a (base 12) to base 11
12528
33023 (base 5) to base 14
b79
-3325 (base 11) to base 10
-4383
Convert -36b (base 13) to base 8.
-1124
What is -144636 (base 7) in base 11?
-1a12a
Convert -217415 (base 8) to base 11.
-50235
Convert -1613 (base 9) to base 13.
-735
122 (base 7) to base 16
41
Convert -10101011011 (base 2) to base 10.
-1371
-1153a (base 11) to base 13
-7746
101111011010011 (base 2) to base 3
1020022002
457 (base 13) to base 5
10443
Convert -a92a (base 11) to base 4.
-3201133
2564 (base 13) to base 3
21022002
-4422 (base 7) to base 4
-120300
What is -100431 (base 5) in base 12?
-1a61
What is 4020 (base 11) in base 6?
40430
Convert 22030 (base 8) to base 13.
428a
What is -220 (base 7) in base 6?
-304
Convert 2021 (base 4) to base 10.
137
-18d (base 16) to base 7
-1105
107e (base 15) to base 8
6646
Convert -2136 (base 7) to base 10.
-762
Convert -461 (base 7) to base 2.
-11101111
What is 2020212211 (base 3) in base 6?
541251
What is 65e8 (base 16) in base 3?
1022210020
What is 4b9f (base 16) in base 15?
5b09
Convert 1419 (base 11) to base 8.
3453
Convert -553 (base 8) to base 16.
-16b
Convert 1200 (base 4) to base 7.
165
What is 11738 (base 10) in base 14?
43c6
What is 331c (base 15) in base 4?
2221023
What is -93 (base 14) in base 11?
-108
Convert 9416 (base 12) to base 16.
3f12
22302 (base 4) to base 8
1262
2601 (base 9) to base 12
1161
What is -12233 (base 4) in base 15?
-1db
What is 1000111101000 (base 2) in base 16?
11e8
What is -3444 (base 5) in base 16?
-1f3
35776 (base 8) to base 6
155034
Convert 5a61 (base 16) to base 6.
255041
What is 11001001 (base 3) in base 2?
101110000000
Convert 50550 (base 6) to base 9.
10153
What is 1111 (base 2) in base 13?
12
What is 10 (base 4) in base 16?
4
Convert -1125 (base 8) to base 13.
-36c
Convert 7592 (base 10) to base 7.
31064
What is 66772 (base 8) in base 5?
1400104
12c5 (base 16) to base 13
2258
What is -10100101 (base 2) in base 12?
-119
Convert d97a (base 15) to base 10.
46015
What is 22011011 (base 3) in base 14?
2248
What is 254 (base 10) in base 14?
142
Convert -10034 (base 6) to base 13.
-7a5
-11011001 (base 2) to base 14
-117
Convert -11e0a (base 15) to base 14.
-16b8c
Convert -2baa (base 13) to base 14.
-2489
What is 220000 (base 3) in base 13?
3ab
-124761 (base 8) to base 13
-16a57
Convert 4847 (base 14) to base 8.
30477
627 (base 9) to base 5
4021
What is -4401 (base 12) in base 8?
-16501
What is -121020111 (base 3) in base 8?
-27077
-40876 (base 9) to base 8
-64521
23007 (base 8) to base 10
9735
What is 2f7 (base 16) in base 12?
533
What is -223251 (base 6) in base 3?
-221220211
Convert 1778 (base 15) to base 8.
11707
What is -523 (base 11) in base 9?
-770
430404 (base 5) to base 7
60133
935 (base 10) to base 16
3a7
Convert 4b0 (base 13) to base 11.
685
-dda (base 16) to base 6
-24230
Convert 10013301 (base 4) to base 10.
16881
-2002 (base 7) to base 15
-30d
413321 (base 5) to base 9
20565
What is -317 (base 13) in base 7?
-1352
What is 7828 (base 11) in base 6?
115431
-1010010011111 (base 2) to base 6
-40235
What is 1142 (base 5) in base 11?
147
What is -23381 (base 11) in base 4?
-20032333
Convert -134 (base 9) to base 4.
-1300
What is -241 (base 14) in base 13?
-287
Convert -101001010 (base 2) to base 4.
-11022
Convert 2103204 (base 5) to base 4.
20133310
Convert 2130 (base 7) to base 9.
1030
Convert -b3b3 (base 12) to base 6.
-230343
What is -8084 (base 14) in base 16?
-5634
-573 (base 16) to base 14
-719
What is -35202 (base 6) in base 15?
-1762
-111100101101 (base 2) to base 4
-330231
Convert d (base 15) to base 2.
1101
What is 244 (base 6) in base 16?
64
What is -19974 (base 10) in base 6?
-232250
2020 (base 5) to base 13
170
What is 363 (base 7) in base 10?
192
Convert 111111001100001 (base 2) to base 7.
163216
-d24 (base 16) to base 11
-2589
What is -24262 (base 7) in base 9?
-8587
bcd (base 14) to base 4
210201
Convert 7337 (base 9) to base 13.
25ab
Convert acad (base 16) to base 11.
30237
131 (base 9) to base 13
85
1aa4 (base 13) to base 12
23b1
What is -11133 (base 4) in base 2?
-101011111
-b12 (base 16) to base 14
-1066
What is 19757 (base 10) in base 15?
5cc2
-12403 (base 5) to base 7
-2565
1120012 (base 4) to base 2
1011000000110
What is 82fe (base 16) in base 14?
c314
19357 (base 10) to base 11
135a8
-40b (base 14) to base 3
-1002110
134 (base 12) to base 6
504
-171aa (base 14) to base 7
-331003
e2b (base 16) to base 14
1471
Convert 422304 (base 6) to base 9.
51864
2641 (base 9) to base 7
5530
32a (base 12) to base 7
1234
Convert 20220201 (base 3) to base 7.
20461
What is -26620 (base 7) in base 16?
-1c00
What is -331003 (base 4) in base 8?
-7503
-22001 (base 4) to base 13
-3a4
What is 6262 (base 9) in base 5?
121332
Convert 594 (base 10) to base 5.
4334
Convert -39dc (base 14) to base 6.
-115102
8058 (base 9) to base 14
2205
What is 242011 (base 6) in base 3?
1002001021
What is 4128 (base 11) in base 15?
1950
Convert 13231021 (base 4) to base 10.
31561
What is 2426 (base 13) in base 11?
3919
77372 (base 8) to base 10
32506
Convert 111f4 (base 16) to base 3.
10120012111
What is -1330044 (base 5) in base 8?
-64423
Convert -90d (base 15) to base 13.
-c0a
Convert -104784 (base 9) to base 6.
-1201504
141 (base 9) to base 10
118
Convert 2b93 (base 14) to base 15.
2483
What is -6616 (base 9) in base 4?
-1030023
What is -573 (base 8) in base 4?
-11323
665 (base 8) to base 9
535
-1222 (base 7) to base 8
-711
What is -10101101111 (base 2) in base 3?
-1220112
What is -1202020 (base 3) in base 10?
-1275
Convert -1305 (base 9) to base 3.
-1100012
Convert -3d30 (base 14) to base 10.
-10822
What is 3023220 (base 5) in base 15?
e5c5
What is -3205 (base 6) in base 15?
-335
Convert 10471 (base 8) to base 2.
1000100111001
What is -5252 (base 6) in base 3?
-1121212
What is -20665 (base 7) in base 14?
-1c35
ede2 (base 15) to base 16
c4d3
Convert -10023112 (base 4) to base 2.
-100001011010110
Convert -3146 (base 8) to base 6.
-11330
Convert -865 (base 9) to base 5.
-10312
What is -45037 (base 10) in base 13?
-17665
What is -29010 (base 10) in base 11?
-1a883
572 (base 8) to base 15
1a3
2b99 (base 13) to base 6
45311
Convert -24da (base 14) to base 2.
-1100101000000
What is 2010010102 (base 3) in base 5?
2313040
14934 (base 10) to base 4
3221112
-123 (base 7) to base 4
-1002
Convert -260 (base 11) to base 4.
-10310
What is -134551 (base 6) in base 5?
-401424
What is 168 (base 12) in base 6?
1012
-b9e0 (base 15) to base 7
-222516
What is -232523 (base 6) in base 8?
-47143
-20310 (base 4) to base 16
-234
What is 1010001111100100 (base 2) in base 15?
c671
-876 (base 11) to base 6
-4511
What is 328c (base 15) in base 3?
112200120
Convert -23053 (base 6) to base 16.
-cc9
Convert -1245 (base 7) to base 3.
-122120
Convert 458 (base 9) to base 15.
1a2
1780 (base 10) to base 2
11011110100
-892 (base 10) to base 8
-1574
-2221 (base 5) to base 16
-137
Convert -1110011001001 (base 2) to base 15.
-22b4
Convert 4b7 (base 12) to base 8.
1313
What is -10011011 (base 2) in base 12?
-10b
Convert 14537 (base 8) to base 3.
22220120
Convert 11011111011 (base 2) to base 16.
6fb
1b3 (base 16) to base 8
663
Convert 4410 (base 5) to base 8.
1135
146c (base 16) to base 4
1101230
da4 (base 16) to base 4
312210
What is -26 (base 8) in base 3?
-211
-21200 (base 4) to base 9
-745
What is 444 (base 10) in base 7?
1203
410332 (base 5) to base 8
31641
What is -b09 (base 12) in base 7?
-4434
567 (base 8) to base 7
1044
What is 155 (base 13) in base 8?
357
-211223 (base 4) to base 12
-148b
-10262 (base 9) to base 14
-268